{"id":28,"date":"2015-02-20T13:54:00","date_gmt":"2015-02-20T18:54:00","guid":{"rendered":"http:\/\/www.senscrea.com\/?page_id=28"},"modified":"2016-11-16T12:46:50","modified_gmt":"2016-11-16T17:46:50","slug":"ateliers","status":"publish","type":"page","link":"https:\/\/www.senscrea.com\/?page_id=28","title":{"rendered":"Ateliers"},"content":{"rendered":"<div id=\"attachment_546\" style=\"width: 169px\" class=\"wp-caption alignright\"><a href=\"http:\/\/www.senscrea.com\/wp-content\/uploads\/2015\/02\/20150323_162410-e1433875220209.jpg\"><img loading=\"lazy\" decoding=\"async\" aria-describedby=\"caption-attachment-546\" class=\"wp-image-546 size-medium\" src=\"http:\/\/www.senscrea.com\/wp-content\/uploads\/2015\/02\/20150323_162410-e1433875220209-169x300.jpg\" alt=\"20150323_162410\" width=\"169\" height=\"300\" srcset=\"https:\/\/www.senscrea.com\/wp-content\/uploads\/2015\/02\/20150323_162410-e1433875220209-169x300.jpg 169w, https:\/\/www.senscrea.com\/wp-content\/uploads\/2015\/02\/20150323_162410-e1433875220209-576x1024.jpg 576w, https:\/\/www.senscrea.com\/wp-content\/uploads\/2015\/02\/20150323_162410-e1433875220209.jpg 1836w\" sizes=\"auto, (max-width: 169px) 100vw, 169px\" \/><\/a><p id=\"caption-attachment-546\" class=\"wp-caption-text\">\u00c0 la mani\u00e8re de&#8230; Klimt, collage et technique mixte<\/p><\/div>\n<p><strong>LES ARTS VISUELS, UN MOYEN D\u00b4EXPRESSION<\/strong><\/p>\n<p>Vous trouverez, sur ces pages,\u00a0 une <strong>introduction explicative<\/strong> sur l&rsquo; l\u00b4axe de travail (d\u00e9marche artistique et objectifs) et quelques<strong> images de compositions. <\/strong><strong><br \/>\n<\/strong>Ces ateliers sont adapt\u00e9s en continu aux besoins sp\u00e9cifiques de chaque groupe.<\/p>\n<p><strong>Entre autre, nous travaillons sur<\/strong><strong> l\u00b4expression libre, l\u00b4 imagination, les habilit\u00e9s fines, la recherche conceptuelle et son organisation ainsi que sur\u00a0 le d\u00e9veloppement du sentiment d&rsquo;estime de soi, d&rsquo;appartenance et de bien-\u00eatre li\u00e9s \u00e0 la pratique d&rsquo;une activit\u00e9 cr\u00e9ative de groupe<br \/>\n<\/strong><\/p>\n<hr \/>\n<p><strong><br \/>\n<\/strong><\/p>\n<div id=\"attachment_551\" style=\"width: 300px\" class=\"wp-caption alignleft\"><a href=\"http:\/\/www.senscrea.com\/wp-content\/uploads\/2015\/02\/20150529_112618.jpg\"><img loading=\"lazy\" decoding=\"async\" aria-describedby=\"caption-attachment-551\" class=\"wp-image-551 size-medium\" src=\"http:\/\/www.senscrea.com\/wp-content\/uploads\/2015\/02\/20150529_112618-300x169.jpg\" alt=\"20150529_112618\" width=\"300\" height=\"169\" srcset=\"https:\/\/www.senscrea.com\/wp-content\/uploads\/2015\/02\/20150529_112618-300x169.jpg 300w, https:\/\/www.senscrea.com\/wp-content\/uploads\/2015\/02\/20150529_112618-1024x576.jpg 1024w\" sizes=\"auto, (max-width: 300px) 100vw, 300px\" \/><\/a><p id=\"caption-attachment-551\" class=\"wp-caption-text\">Fleurs r\u00e9alis\u00e9es avec des bouteilles en plastique, dans le cadre d&rsquo;un projet d&rsquo;Installation<\/p><\/div>\n<p><strong> Le travail plastique s\u00b4inscrit dans une d\u00e9marche volontaire, personnelle de conscience de soi et de son environnement, de partages et d\u00b4\u00e9changes, d&rsquo;exploration&#8230; <\/strong>Il s\u00b4effectue avec divers outils (doigt, main, pinceau, rouleau, b\u00e2ton, bille&#8230;) et m\u00e9diums\u00a0 (encres, peintures, crayons, pastels, papier m\u00e2ch\u00e9, pl\u00e2tre et collage, mat\u00e9riaux recylc\u00e9s&#8230;). <strong><br \/>\n<\/strong><\/p>\n<hr \/>\n<p><strong><br \/>\n<\/strong><\/p>\n<div id=\"attachment_612\" style=\"width: 300px\" class=\"wp-caption alignnone\"><a href=\"http:\/\/www.senscrea.com\/wp-content\/uploads\/2015\/02\/20151015_151040.jpg\"><img loading=\"lazy\" decoding=\"async\" aria-describedby=\"caption-attachment-612\" class=\"wp-image-612 size-medium\" src=\"http:\/\/www.senscrea.com\/wp-content\/uploads\/2015\/02\/20151015_151040-300x169.jpg\" alt=\"20151015_151040\" width=\"300\" height=\"169\" srcset=\"https:\/\/www.senscrea.com\/wp-content\/uploads\/2015\/02\/20151015_151040-300x169.jpg 300w, https:\/\/www.senscrea.com\/wp-content\/uploads\/2015\/02\/20151015_151040-1024x576.jpg 1024w\" sizes=\"auto, (max-width: 300px) 100vw, 300px\" \/><\/a><p id=\"caption-attachment-612\" class=\"wp-caption-text\">\u00ab\u00a0De la lumi\u00e8re \u00e0 travers le papier\u00a0\u00bb d\u00e9coupes de magazines pour cr\u00e9er un luminaire<\/p><\/div>\n<p><strong>Exemple de tarifs de groupe* pour une matin\u00e9e (8h30-12h)<br \/>\n<\/strong><\/p>\n<p><strong>Forfait atelier 5h: 100 $ (concept\/planification\/pr\u00e9paration\/animation-accompagnement\/\u00e9valuation globale)<br \/>\n<\/strong><\/p>\n<ul>\n<li>le nombre de personnes, par atelier, est \u00e0 d\u00e9finir suivant les besoins sp\u00e9cifiques des participants<\/li>\n<\/ul>\n<p>Les prix peuvent vari\u00e9s suivants diff\u00e9rents facteurs, n\u00b4h\u00e9sitez pas \u00e0 <a href=\"http:\/\/www.senscrea.com\/?page_id=18\">me contacter<\/a> pour un devis personnalis\u00e9.<\/p>\n","protected":false},"excerpt":{"rendered":"<p>LES ARTS VISUELS, UN MOYEN D\u00b4EXPRESSION Vous trouverez, sur ces pages,\u00a0 une introduction explicative sur l&rsquo; l\u00b4axe de travail (d\u00e9marche artistique et objectifs) et quelques images de compositions. Ces ateliers sont adapt\u00e9s en continu aux besoins sp\u00e9cifiques de chaque groupe. Entre autre, nous travaillons sur l\u00b4expression libre, l\u00b4 imagination, les habilit\u00e9s fines, la recherche conceptuelle &hellip; <\/p>\n<p><a class=\"more-link btn\" href=\"https:\/\/www.senscrea.com\/?page_id=28\">Continue reading<\/a><\/p>\n","protected":false},"author":2,"featured_media":0,"parent":0,"menu_order":0,"comment_status":"open","ping_status":"open","template":"","meta":{"footnotes":""},"class_list":["post-28","page","type-page","status-publish","hentry","nodate","item-wrap"],"_links":{"self":[{"href":"https:\/\/www.senscrea.com\/index.php?rest_route=\/wp\/v2\/pages\/28","targetHints":{"allow":["GET"]}}],"collection":[{"href":"https:\/\/www.senscrea.com\/index.php?rest_route=\/wp\/v2\/pages"}],"about":[{"href":"https:\/\/www.senscrea.com\/index.php?rest_route=\/wp\/v2\/types\/page"}],"author":[{"embeddable":true,"href":"https:\/\/www.senscrea.com\/index.php?rest_route=\/wp\/v2\/users\/2"}],"replies":[{"embeddable":true,"href":"https:\/\/www.senscrea.com\/index.php?rest_route=%2Fwp%2Fv2%2Fcomments&post=28"}],"version-history":[{"count":29,"href":"https:\/\/www.senscrea.com\/index.php?rest_route=\/wp\/v2\/pages\/28\/revisions"}],"predecessor-version":[{"id":933,"href":"https:\/\/www.senscrea.com\/index.php?rest_route=\/wp\/v2\/pages\/28\/revisions\/933"}],"wp:attachment":[{"href":"https:\/\/www.senscrea.com\/index.php?rest_route=%2Fwp%2Fv2%2Fmedia&parent=28"}],"curies":[{"name":"wp","href":"https:\/\/api.w.org\/{rel}","templated":true}]}}