{"id":90,"date":"2015-02-21T11:07:58","date_gmt":"2015-02-21T16:07:58","guid":{"rendered":"http:\/\/www.senscrea.com\/?page_id=90"},"modified":"2016-11-12T14:34:01","modified_gmt":"2016-11-12T19:34:01","slug":"inspirations","status":"publish","type":"page","link":"http:\/\/www.senscrea.com\/?page_id=90","title":{"rendered":"INSPIRATIONS"},"content":{"rendered":"<p><strong>INITIATIONS &#8211; TECHNIQUES &#8211; EXP\u00c9RIMENTATIONS<\/strong><\/p>\n<p>Ces ateliers peuvent \u00eatre\u00a0<strong> inspir\u00e9s d&rsquo;une \u0153uvre, d&rsquo;un mouvement artistique <\/strong>ou tout simplement<strong> d&rsquo;une technique, de m\u00e9diums <\/strong>int\u00e9ressants \u00e0 exp\u00e9riment\u00e9s<strong> (gravure, texturation, calligraphie, pastel, encre, acrylique&#8230;)<\/strong><\/p>\n<p><strong>L\u00b4objectif<\/strong> principal est de<strong> transposer notre vision de l\u00b4\u0153uvre artistique, en r\u00e9alisant une composition personnelle, inspir\u00e9e,\u00a0<\/strong> suivant une technique particuli\u00e8re et certains m\u00e9diums.<\/p>\n<p>Vous serez amen\u00e9s,\u00a0 entre autre, \u00e0<strong> observer, analyser une \u0153uvre, d\u00e9couvrir les d\u00e9marches artistiques pour ensuite vous exprimer\u00a0 \u00e0 travers le regard d&rsquo;un artiste ou d&rsquo;un mouvement artistique<br \/>\n<\/strong><\/p>\n<p>POUR PLUS D&rsquo;INFORMATIONS CLIQUEZ SUR LES LIENS \ud83d\ude42<\/p>\n<hr \/>\n<p>&nbsp;<\/p>\n<p><a href=\"http:\/\/www.senscrea.com\/wp-content\/uploads\/2015\/02\/jardinfleuriSG.jpg\"><img loading=\"lazy\" decoding=\"async\" class=\"size-thumbnail wp-image-254 alignleft\" src=\"http:\/\/www.senscrea.com\/wp-content\/uploads\/2015\/02\/jardinfleuriSG-150x150.jpg\" alt=\"jardinfleuriSG\" width=\"150\" height=\"150\" \/><\/a><\/p>\n<ul>\n<li>Th\u00e8me :<strong> <a href=\"http:\/\/www.senscrea.com\/?page_id=768\">Jardin fleuri<\/a><\/strong><\/li>\n<li>M\u00e9diums : pastel gras et secs<\/li>\n<li>Inspiration :\u00a0<a href=\"http:\/\/mine-dart.blogspot.fr\/2011\/03\/artiste-damien-hirst.html?m=1\" target=\"_blank\"> <strong>Paul Klee<\/strong><\/a><\/li>\n<\/ul>\n<p>&nbsp;<\/p>\n<p>&nbsp;<\/p>\n<hr \/>\n<p>&nbsp;<\/p>\n<p><a href=\"http:\/\/www.senscrea.com\/wp-content\/uploads\/2015\/02\/SG.jpg\"><img loading=\"lazy\" decoding=\"async\" class=\"wp-image-275 size-thumbnail alignleft\" src=\"http:\/\/www.senscrea.com\/wp-content\/uploads\/2015\/02\/SG-150x150.jpg\" alt=\"\" width=\"150\" height=\"150\" \/><\/a><\/p>\n<ul>\n<li>Th\u00e8me |: <a href=\"http:\/\/www.senscrea.com\/?page_id=98\">Volume<strong> graphique<\/strong><\/a><\/li>\n<li>M\u00e9dium : encre sur papier<\/li>\n<li>\u00a0Inspiration : <strong><a href=\"http:\/\/frederic-rossille.net\/musicalite-vasarely-omf.html\">Vazarely<\/a><\/strong><\/li>\n<\/ul>\n<p>&nbsp;<\/p>\n<p>&nbsp;<\/p>\n<hr \/>\n<p>&nbsp;<\/p>\n<p><a href=\"http:\/\/www.senscrea.com\/wp-content\/uploads\/2015\/02\/dessinencre.jpg\"><img loading=\"lazy\" decoding=\"async\" class=\"size-thumbnail wp-image-249 alignleft\" src=\"http:\/\/www.senscrea.com\/wp-content\/uploads\/2015\/02\/dessinencre-150x150.jpg\" alt=\"dessinencre\" width=\"150\" height=\"150\" \/><\/a><\/p>\n<ul>\n<li>Th\u00e8me : <strong>Paysage graphique<\/strong><\/li>\n<li>M\u00e9dium :encre sur papier<\/li>\n<li>Inspiration : dessins \u00e0 la plume de <strong><a href=\"http:\/\/www.e-litterature.net\/publier2\/spip\/spip.php?page=article5&amp;id_article=60\">Van Gogh,<\/a><\/strong><\/li>\n<\/ul>\n<p>&nbsp;<\/p>\n<p>&nbsp;<\/p>\n<hr \/>\n<p>&nbsp;<\/p>\n<p><a href=\"http:\/\/www.senscrea.com\/wp-content\/uploads\/2015\/02\/lesnimpheas.jpg\"><img loading=\"lazy\" decoding=\"async\" class=\"size-thumbnail wp-image-251 alignleft\" src=\"http:\/\/www.senscrea.com\/wp-content\/uploads\/2015\/02\/lesnimpheas-150x150.jpg\" alt=\"lesnimpheas\" width=\"150\" height=\"150\" \/><\/a><\/p>\n<ul>\n<li>Th\u00e8me<strong> : Les nimph\u00e9as<\/strong><\/li>\n<li>M\u00e9dium : colle et papiers<\/li>\n<li>Inspiration : <strong><a href=\"http:\/\/www.musee-orangerie.fr\/fr\/article\/histoire-du-cycle-des-nympheas\" target=\"_blank\">Monet<\/a><\/strong><\/li>\n<\/ul>\n<p>&nbsp;<\/p>\n<p>&nbsp;<\/p>\n<hr \/>\n<p>&nbsp;<\/p>\n<p><a href=\"http:\/\/www.senscrea.com\/wp-content\/uploads\/2015\/02\/realisationcfsl4-e1425481838192.jpg\"><img loading=\"lazy\" decoding=\"async\" class=\"size-thumbnail wp-image-276 alignleft\" src=\"http:\/\/www.senscrea.com\/wp-content\/uploads\/2015\/02\/realisationcfsl4-e1425481838192-150x150.jpg\" alt=\"realisationcfsl4\" width=\"150\" height=\"150\" \/><\/a><\/p>\n<ul>\n<li>Th\u00e8me :<strong>\u00a0 <a href=\"http:\/\/www.senscrea.com\/?page_id=744\">La naissance, inspir\u00e9 de l&rsquo;art de la rue<\/a><\/strong><\/li>\n<li>M\u00e9dium : gouache<\/li>\n<li>Inspiration : <a href=\"http:\/\/www.haring.com\" target=\"_blank\"><strong>Keith Haring<\/strong><\/a><\/li>\n<\/ul>\n<p>&nbsp;<\/p>\n<p>&nbsp;<\/p>\n<hr \/>\n<p>&nbsp;<\/p>\n<p><a href=\"http:\/\/www.senscrea.com\/wp-content\/uploads\/2015\/02\/20151120_114706.jpg\"><img loading=\"lazy\" decoding=\"async\" class=\" size-thumbnail wp-image-622 alignleft\" src=\"http:\/\/www.senscrea.com\/wp-content\/uploads\/2015\/02\/20151120_114706-150x150.jpg\" alt=\"20151120_114706\" width=\"150\" height=\"150\" \/><\/a><\/p>\n<ul>\n<li>\u00a0Th\u00e8me : <strong><a href=\"http:\/\/www.senscrea.com\/?page_id=664\">Collagraphie<\/a><\/strong><\/li>\n<li>M\u00e9dium : Mixte (collage et acrylique)<\/li>\n<li>Inspiration : <a href=\"http:\/\/www.picasso.fr\/fr\/picasso_page_index.php\">Picasso<\/a><\/li>\n<\/ul>\n<p>&nbsp;<\/p>\n<p>&nbsp;<\/p>\n<hr \/>\n<p>&nbsp;<\/p>\n<p><a href=\"http:\/\/www.senscrea.com\/wp-content\/uploads\/2015\/02\/nanapm5-e1425502695460.jpg\"><img loading=\"lazy\" decoding=\"async\" class=\"size-thumbnail wp-image-227 alignleft\" src=\"http:\/\/www.senscrea.com\/wp-content\/uploads\/2015\/02\/nanapm5-e1425502695460-150x150.jpg\" alt=\"nanapm5\" width=\"150\" height=\"150\" \/><\/a><\/p>\n<ul>\n<li>Th\u00e8me : <a href=\"http:\/\/www.senscrea.com\/?page_id=96\">Sculpture<\/a><\/li>\n<li>M\u00e9dium : papier mach\u00e9 et acrylique<\/li>\n<li>Inspiration : <a href=\"http:\/\/monsieurbenedict.com\/2014\/12\/09\/elisabeth-reynaud-presente-niki-de-saint-phalle\/\">Niki de St Phalle<\/a><\/li>\n<\/ul>\n<p>&nbsp;<\/p>\n","protected":false},"excerpt":{"rendered":"<p>INITIATIONS &#8211; TECHNIQUES &#8211; EXP\u00c9RIMENTATIONS Ces ateliers peuvent \u00eatre\u00a0 inspir\u00e9s d&rsquo;une \u0153uvre, d&rsquo;un mouvement artistique ou tout simplement d&rsquo;une technique, de m\u00e9diums int\u00e9ressants \u00e0 exp\u00e9riment\u00e9s (gravure, texturation, calligraphie, pastel, encre, acrylique&#8230;) L\u00b4objectif principal est de transposer notre vision de l\u00b4\u0153uvre artistique, en r\u00e9alisant une composition personnelle, inspir\u00e9e,\u00a0 suivant une technique particuli\u00e8re et certains m\u00e9diums. Vous &hellip; <\/p>\n<p><a class=\"more-link btn\" href=\"http:\/\/www.senscrea.com\/?page_id=90\">Continue reading<\/a><\/p>\n","protected":false},"author":2,"featured_media":623,"parent":28,"menu_order":3,"comment_status":"open","ping_status":"open","template":"","meta":{"footnotes":""},"class_list":["post-90","page","type-page","status-publish","has-post-thumbnail","hentry","nodate","item-wrap"],"_links":{"self":[{"href":"http:\/\/www.senscrea.com\/index.php?rest_route=\/wp\/v2\/pages\/90","targetHints":{"allow":["GET"]}}],"collection":[{"href":"http:\/\/www.senscrea.com\/index.php?rest_route=\/wp\/v2\/pages"}],"about":[{"href":"http:\/\/www.senscrea.com\/index.php?rest_route=\/wp\/v2\/types\/page"}],"author":[{"embeddable":true,"href":"http:\/\/www.senscrea.com\/index.php?rest_route=\/wp\/v2\/users\/2"}],"replies":[{"embeddable":true,"href":"http:\/\/www.senscrea.com\/index.php?rest_route=%2Fwp%2Fv2%2Fcomments&post=90"}],"version-history":[{"count":61,"href":"http:\/\/www.senscrea.com\/index.php?rest_route=\/wp\/v2\/pages\/90\/revisions"}],"predecessor-version":[{"id":809,"href":"http:\/\/www.senscrea.com\/index.php?rest_route=\/wp\/v2\/pages\/90\/revisions\/809"}],"up":[{"embeddable":true,"href":"http:\/\/www.senscrea.com\/index.php?rest_route=\/wp\/v2\/pages\/28"}],"wp:featuredmedia":[{"embeddable":true,"href":"http:\/\/www.senscrea.com\/index.php?rest_route=\/wp\/v2\/media\/623"}],"wp:attachment":[{"href":"http:\/\/www.senscrea.com\/index.php?rest_route=%2Fwp%2Fv2%2Fmedia&parent=90"}],"curies":[{"name":"wp","href":"https:\/\/api.w.org\/{rel}","templated":true}]}}