{"id":664,"date":"2016-02-03T19:52:01","date_gmt":"2016-02-04T00:52:01","guid":{"rendered":"http:\/\/www.senscrea.com\/?page_id=664"},"modified":"2016-11-18T17:50:20","modified_gmt":"2016-11-18T22:50:20","slug":"peinture","status":"publish","type":"page","link":"http:\/\/www.senscrea.com\/?page_id=664","title":{"rendered":"PEINTURE"},"content":{"rendered":"<p><strong>MON CENTRE COMMUNAUTAIRE, des valeurs qui me ressemblent<\/strong><\/p>\n<p>Les participants ont \u00e9t\u00e9 amen\u00e9s, \u00e0 explorer les notions de bases sur les couleurs, \u00e0 composer des lignes abstraites dans un espace donn\u00e9, puis \u00e0 exprimer une valeur importante pour leur engagement citoyen<a href=\"http:\/\/www.senscrea.com\/wp-content\/uploads\/2016\/11\/IMG_20161117_164609.jpg\"><img loading=\"lazy\" decoding=\"async\" class=\"size-medium wp-image-937 alignleft\" src=\"http:\/\/www.senscrea.com\/wp-content\/uploads\/2016\/11\/IMG_20161117_164609-245x300.jpg\" alt=\"img_20161117_164609\" width=\"245\" height=\"300\" srcset=\"http:\/\/www.senscrea.com\/wp-content\/uploads\/2016\/11\/IMG_20161117_164609-245x300.jpg 245w, http:\/\/www.senscrea.com\/wp-content\/uploads\/2016\/11\/IMG_20161117_164609-768x942.jpg 768w, http:\/\/www.senscrea.com\/wp-content\/uploads\/2016\/11\/IMG_20161117_164609-835x1024.jpg 835w\" sizes=\"auto, (max-width: 245px) 100vw, 245px\" \/><\/a> <a href=\"http:\/\/www.senscrea.com\/wp-content\/uploads\/2016\/11\/IMG_20161117_165749.jpg\"><img loading=\"lazy\" decoding=\"async\" class=\"size-medium wp-image-943 alignleft\" src=\"http:\/\/www.senscrea.com\/wp-content\/uploads\/2016\/11\/IMG_20161117_165749-264x300.jpg\" alt=\"img_20161117_165749\" width=\"264\" height=\"300\" srcset=\"http:\/\/www.senscrea.com\/wp-content\/uploads\/2016\/11\/IMG_20161117_165749-264x300.jpg 264w, http:\/\/www.senscrea.com\/wp-content\/uploads\/2016\/11\/IMG_20161117_165749-768x872.jpg 768w, http:\/\/www.senscrea.com\/wp-content\/uploads\/2016\/11\/IMG_20161117_165749-902x1024.jpg 902w\" sizes=\"auto, (max-width: 264px) 100vw, 264px\" \/><\/a> <a href=\"http:\/\/www.senscrea.com\/wp-content\/uploads\/2016\/11\/IMG_20161117_165309.jpg\"><img loading=\"lazy\" decoding=\"async\" class=\"size-medium wp-image-941 alignleft\" src=\"http:\/\/www.senscrea.com\/wp-content\/uploads\/2016\/11\/IMG_20161117_165309-300x169.jpg\" alt=\"img_20161117_165309\" width=\"300\" height=\"169\" srcset=\"http:\/\/www.senscrea.com\/wp-content\/uploads\/2016\/11\/IMG_20161117_165309-300x169.jpg 300w, http:\/\/www.senscrea.com\/wp-content\/uploads\/2016\/11\/IMG_20161117_165309-768x432.jpg 768w, http:\/\/www.senscrea.com\/wp-content\/uploads\/2016\/11\/IMG_20161117_165309-1024x576.jpg 1024w\" sizes=\"auto, (max-width: 300px) 100vw, 300px\" \/><\/a><\/p>\n<p>&nbsp;<\/p>\n<p>&nbsp;<\/p>\n<p>&nbsp;<\/p>\n<p>&nbsp;<\/p>\n<p>&nbsp;<\/p>\n<p>&nbsp;<\/p>\n<p>&nbsp;<\/p>\n<p>&nbsp;<\/p>\n<p>&nbsp;<\/p>\n<p>&nbsp;<\/p>\n<p>&nbsp;<\/p>\n<p>&nbsp;<\/p>\n<p>Acrylique, encre et collage sur carton entoil\u00e9<\/p>\n<p>&nbsp;<\/p>\n<p>&nbsp;<\/p>\n<p>&nbsp;<\/p>\n<p>&nbsp;<\/p>\n<p>&nbsp;<\/p>\n<p>&nbsp;<\/p>\n<p>&nbsp;<\/p>\n<hr \/>\n<p><strong>PEINDRE LE MONDE, Raconter une histoire \u00e0 travers le symbolisme<br \/>\n<\/strong><\/p>\n<p>Notre voyage initiatique commence bien loin d&rsquo;ici, sur le continent de L&rsquo;Oc\u00e9anie en Australie. Nous sommes partis \u00e0 la recherche d&rsquo;un art autochtone mill\u00e9naire, o\u00f9 nous avons d\u00e9crypt\u00e9 des symboles,\u00a0 et d\u00e9couvert des styles de peintures saisissants de par la beaut\u00e9 des formes et des couleurs.<a href=\"http:\/\/www.senscrea.com\/wp-content\/uploads\/2016\/11\/20161116_103205-e1479311299103.jpg\"><img loading=\"lazy\" decoding=\"async\" class=\"size-medium wp-image-910 alignleft\" src=\"http:\/\/www.senscrea.com\/wp-content\/uploads\/2016\/11\/20161116_103205-e1479311299103-269x300.jpg\" alt=\"_20161116_103205\" width=\"269\" height=\"300\" srcset=\"http:\/\/www.senscrea.com\/wp-content\/uploads\/2016\/11\/20161116_103205-e1479311299103-269x300.jpg 269w, http:\/\/www.senscrea.com\/wp-content\/uploads\/2016\/11\/20161116_103205-e1479311299103-768x858.jpg 768w, http:\/\/www.senscrea.com\/wp-content\/uploads\/2016\/11\/20161116_103205-e1479311299103-917x1024.jpg 917w\" sizes=\"auto, (max-width: 269px) 100vw, 269px\" \/><\/a><\/p>\n<p>Utiliser le symbolisme pour imaginer une histoire<\/p>\n<p>Application de points sur les contours.<\/p>\n<p>Apprendre \u00e0 respirer et \u00e0 contr\u00f4ler ses gestes, la concentration laisse peu \u00e0 peu place \u00e0 une sensation de m\u00e9ditation, de bine-\u00eatre.<\/p>\n<p>Les lignes se forment petit \u00e0 petit&#8230; L&rsquo; histoire, la vie se cr\u00e9e sous nos yeux&#8230; notre imagination s&rsquo;exalte&#8230; (\u00e0 suivre)<\/p>\n<p>&nbsp;<\/p>\n<p>&nbsp;<\/p>\n<p>&nbsp;<\/p>\n<p>&nbsp;<\/p>\n<p>&nbsp;<\/p>\n<p>&nbsp;<\/p>\n<p>&nbsp;<\/p>\n<p>&nbsp;<\/p>\n<hr \/>\n<p><strong>AQUARELLE D\u00c9BUTANT<\/strong><br \/>\nCet atelier se compose de plusieurs capsules suivant le rythme sp\u00e9cifique du groupe.<br \/>\n<strong>1 Avant de commencer<\/strong> : D\u00e9velopper les connaissances sur les notions de bases des couleurs, le mat\u00e9riel et son organisation, les diff\u00e9rentes techniques.Exp\u00e9rimenter, manipuler et exploiter divers outils plastiques \u00e0 travers divers projets d\u00b4initiation<\/p>\n<p><a href=\"http:\/\/www.senscrea.com\/wp-content\/uploads\/2016\/11\/20160209_104337.jpg\"><img loading=\"lazy\" decoding=\"async\" class=\"size-medium wp-image-863 aligncenter\" src=\"http:\/\/www.senscrea.com\/wp-content\/uploads\/2016\/11\/20160209_104337-300x169.jpg\" alt=\"20160209_104337\" width=\"300\" height=\"169\" srcset=\"http:\/\/www.senscrea.com\/wp-content\/uploads\/2016\/11\/20160209_104337-300x169.jpg 300w, http:\/\/www.senscrea.com\/wp-content\/uploads\/2016\/11\/20160209_104337-768x432.jpg 768w, http:\/\/www.senscrea.com\/wp-content\/uploads\/2016\/11\/20160209_104337-1024x576.jpg 1024w\" sizes=\"auto, (max-width: 300px) 100vw, 300px\" \/><\/a><a href=\"http:\/\/www.senscrea.com\/wp-content\/uploads\/2016\/11\/20160405_103521.jpg\"><img loading=\"lazy\" decoding=\"async\" class=\"size-medium wp-image-877 aligncenter\" src=\"http:\/\/www.senscrea.com\/wp-content\/uploads\/2016\/11\/20160405_103521-300x169.jpg\" alt=\"20160405_103521\" width=\"300\" height=\"169\" srcset=\"http:\/\/www.senscrea.com\/wp-content\/uploads\/2016\/11\/20160405_103521-300x169.jpg 300w, http:\/\/www.senscrea.com\/wp-content\/uploads\/2016\/11\/20160405_103521-768x432.jpg 768w, http:\/\/www.senscrea.com\/wp-content\/uploads\/2016\/11\/20160405_103521-1024x576.jpg 1024w\" sizes=\"auto, (max-width: 300px) 100vw, 300px\" \/><\/a><br \/>\n<strong>2 A la d\u00e9couverte de la couleur<\/strong> : Utiliser les notions de bases pour cr\u00e9er des \u0153uvres abstraites personnelles, exercer sa gestuel et s\u2019approprier les couleurs et les m\u00e9langes<\/p>\n<p><a href=\"http:\/\/www.senscrea.com\/wp-content\/uploads\/2016\/11\/20160301_120455.jpg\"><img loading=\"lazy\" decoding=\"async\" class=\"size-medium wp-image-869 aligncenter\" src=\"http:\/\/www.senscrea.com\/wp-content\/uploads\/2016\/11\/20160301_120455-300x169.jpg\" alt=\"Aquarelle\" width=\"300\" height=\"169\" srcset=\"http:\/\/www.senscrea.com\/wp-content\/uploads\/2016\/11\/20160301_120455-300x169.jpg 300w, http:\/\/www.senscrea.com\/wp-content\/uploads\/2016\/11\/20160301_120455-768x432.jpg 768w, http:\/\/www.senscrea.com\/wp-content\/uploads\/2016\/11\/20160301_120455-1024x576.jpg 1024w\" sizes=\"auto, (max-width: 300px) 100vw, 300px\" \/><\/a><\/p>\n<p><a href=\"http:\/\/www.senscrea.com\/wp-content\/uploads\/2016\/11\/20160223_103913.jpg\"><img loading=\"lazy\" decoding=\"async\" class=\"size-medium wp-image-865 aligncenter\" src=\"http:\/\/www.senscrea.com\/wp-content\/uploads\/2016\/11\/20160223_103913-300x169.jpg\" alt=\"Aquarelle\" width=\"300\" height=\"169\" srcset=\"http:\/\/www.senscrea.com\/wp-content\/uploads\/2016\/11\/20160223_103913-300x169.jpg 300w, http:\/\/www.senscrea.com\/wp-content\/uploads\/2016\/11\/20160223_103913-768x432.jpg 768w, http:\/\/www.senscrea.com\/wp-content\/uploads\/2016\/11\/20160223_103913-1024x576.jpg 1024w\" sizes=\"auto, (max-width: 300px) 100vw, 300px\" \/><\/a><\/p>\n<p><strong>3-Composition<\/strong> : S\u2019approprier les techniques vue en ateliers d\u2019initiation en composant des \u0153uvres personnelles, autonomiser la d\u00e9marche artistique.<\/p>\n<p><a href=\"http:\/\/www.senscrea.com\/wp-content\/uploads\/2016\/11\/20160412_084120-copy-e1478969201936.jpg\"><img loading=\"lazy\" decoding=\"async\" class=\"size-medium wp-image-878 aligncenter\" src=\"http:\/\/www.senscrea.com\/wp-content\/uploads\/2016\/11\/20160412_084120-copy-e1478969201936-169x300.jpg\" alt=\"Aquarelle d\u00e9butant\" width=\"169\" height=\"300\" srcset=\"http:\/\/www.senscrea.com\/wp-content\/uploads\/2016\/11\/20160412_084120-copy-e1478969201936-169x300.jpg 169w, http:\/\/www.senscrea.com\/wp-content\/uploads\/2016\/11\/20160412_084120-copy-e1478969201936-768x1365.jpg 768w, http:\/\/www.senscrea.com\/wp-content\/uploads\/2016\/11\/20160412_084120-copy-e1478969201936-576x1024.jpg 576w\" sizes=\"auto, (max-width: 169px) 100vw, 169px\" \/><\/a><\/p>\n<p><a href=\"http:\/\/www.senscrea.com\/wp-content\/uploads\/2016\/11\/2016-03-14-22.14.48.jpg\"><img loading=\"lazy\" decoding=\"async\" class=\"size-medium wp-image-860 aligncenter\" src=\"http:\/\/www.senscrea.com\/wp-content\/uploads\/2016\/11\/2016-03-14-22.14.48-169x300.jpg\" alt=\"Aquarelle\" width=\"169\" height=\"300\" srcset=\"http:\/\/www.senscrea.com\/wp-content\/uploads\/2016\/11\/2016-03-14-22.14.48-169x300.jpg 169w, http:\/\/www.senscrea.com\/wp-content\/uploads\/2016\/11\/2016-03-14-22.14.48-768x1365.jpg 768w, http:\/\/www.senscrea.com\/wp-content\/uploads\/2016\/11\/2016-03-14-22.14.48-576x1024.jpg 576w\" sizes=\"auto, (max-width: 169px) 100vw, 169px\" \/><\/a><\/p>\n<p>&nbsp;<\/p>\n<hr \/>\n<p><a href=\"http:\/\/www.senscrea.com\/wp-content\/uploads\/2015\/02\/20151106_115140.jpg\" rel=\"attachment wp-att-615\"><img loading=\"lazy\" decoding=\"async\" class=\"size-thumbnail wp-image-615 alignleft\" src=\"http:\/\/www.senscrea.com\/wp-content\/uploads\/2015\/02\/20151106_115140-150x150.jpg\" alt=\"20151106_115140\" width=\"150\" height=\"150\" \/><\/a><a href=\"http:\/\/www.senscrea.com\/wp-content\/uploads\/2015\/02\/20151106_115136.jpg\" rel=\"attachment wp-att-614\"><img loading=\"lazy\" decoding=\"async\" class=\"size-thumbnail wp-image-614 alignleft\" src=\"http:\/\/www.senscrea.com\/wp-content\/uploads\/2015\/02\/20151106_115136-150x150.jpg\" alt=\"20151106_115136\" width=\"150\" height=\"150\" \/><\/a> <a href=\"http:\/\/www.senscrea.com\/wp-content\/uploads\/2015\/02\/20151106_115132.jpg\" rel=\"attachment wp-att-613\"><img loading=\"lazy\" decoding=\"async\" class=\"size-thumbnail wp-image-613 alignleft\" src=\"http:\/\/www.senscrea.com\/wp-content\/uploads\/2015\/02\/20151106_115132-150x150.jpg\" alt=\"20151106_115132\" width=\"150\" height=\"150\" \/><\/a><\/p>\n<p>&nbsp;<\/p>\n<p>GOUACHE A L&rsquo;\u00c9PONGE<\/p>\n<p>&nbsp;<\/p>\n<p>&nbsp;<\/p>\n<p>&nbsp;<\/p>\n<p>\u00c9tudes des couleurs<\/p>\n<p>Utiliser la transparence et la superposition de la peinture pour cr\u00e9er les couleurs interm\u00e9diaires. prendre conscience de son geste et de l\u2019effet obtenu.<\/p>\n<p>Amener le participant \u00e0 observer et critiquer son travail, pour prendre le contr\u00f4le sur sa composition en maitrisant ses gestes suivant les consignes cr\u00e9atives de transparence et de superposition des couleurs, pour harmoniser l\u2019ensemble<\/p>\n<hr \/>\n<p>&nbsp;<\/p>\n<p><a href=\"http:\/\/www.senscrea.com\/wp-content\/uploads\/2015\/02\/2015-10-22-16.24.55.jpg\" rel=\"attachment wp-att-589\"><img loading=\"lazy\" decoding=\"async\" class=\"size-thumbnail wp-image-589 alignleft\" src=\"http:\/\/www.senscrea.com\/wp-content\/uploads\/2015\/02\/2015-10-22-16.24.55-150x150.jpg\" alt=\"2015-10-22 16.24.55\" width=\"150\" height=\"150\" \/><\/a>AQUARELLE, travaux d&rsquo;\u00e9tude<\/p>\n<p>M\u00e9thodologie et techniques de bases<\/p>\n<p>&nbsp;<\/p>\n<p>&nbsp;<\/p>\n<p>&nbsp;<\/p>\n<p>&nbsp;<\/p>\n<p>&nbsp;<\/p>\n<hr \/>\n<p>COLLAGRAPHE<\/p>\n<p>Cr\u00e9er une matrice<\/p>\n<p><a href=\"http:\/\/www.senscrea.com\/wp-content\/uploads\/2015\/02\/20151120_111022.jpg\" rel=\"attachment wp-att-621\"><img loading=\"lazy\" decoding=\"async\" class=\"alignnone size-thumbnail wp-image-621\" src=\"http:\/\/www.senscrea.com\/wp-content\/uploads\/2015\/02\/20151120_111022-150x150.jpg\" alt=\"20151120_111022\" width=\"150\" height=\"150\" \/><\/a> <a href=\"http:\/\/www.senscrea.com\/wp-content\/uploads\/2015\/02\/20151120_114706.jpg\" rel=\"attachment wp-att-622\"><img loading=\"lazy\" decoding=\"async\" class=\"alignnone size-thumbnail wp-image-622\" src=\"http:\/\/www.senscrea.com\/wp-content\/uploads\/2015\/02\/20151120_114706-150x150.jpg\" alt=\"20151120_114706\" width=\"150\" height=\"150\" \/><\/a><a href=\"http:\/\/www.senscrea.com\/wp-content\/uploads\/2015\/02\/20151120_114718.jpg\" rel=\"attachment wp-att-623\"><img loading=\"lazy\" decoding=\"async\" class=\"alignnone size-thumbnail wp-image-623\" src=\"http:\/\/www.senscrea.com\/wp-content\/uploads\/2015\/02\/20151120_114718-150x150.jpg\" alt=\"20151120_114718\" width=\"150\" height=\"150\" \/><\/a><\/p>\n<hr \/>\n<p><strong>ART ET INFOGRAPHIE, COMMENT TRANSFORMER UNE CR\u00c9ATION DE MULTIPLES FA\u00c7ON<\/strong><\/p>\n<p><a href=\"http:\/\/www.senscrea.com\/wp-content\/uploads\/2016\/02\/2016-01-13-13.45.09.jpg\" rel=\"attachment wp-att-688\"><img loading=\"lazy\" decoding=\"async\" class=\"alignnone size-thumbnail wp-image-688\" src=\"http:\/\/www.senscrea.com\/wp-content\/uploads\/2016\/02\/2016-01-13-13.45.09-150x150.jpg\" alt=\"2016-01-13 13.45.09\" width=\"150\" height=\"150\" \/><\/a> <a href=\"http:\/\/www.senscrea.com\/wp-content\/uploads\/2016\/02\/2016-01-27-20.33.30.jpg\" rel=\"attachment wp-att-695\"><img loading=\"lazy\" decoding=\"async\" class=\"alignnone size-thumbnail wp-image-695\" src=\"http:\/\/www.senscrea.com\/wp-content\/uploads\/2016\/02\/2016-01-27-20.33.30-150x150.jpg\" alt=\"2016-01-27 20.33.30\" width=\"150\" height=\"150\" \/><\/a> <a href=\"http:\/\/www.senscrea.com\/wp-content\/uploads\/2016\/02\/2016-01-14-08.00.30.jpg\" rel=\"attachment wp-att-690\"><img loading=\"lazy\" decoding=\"async\" class=\"alignnone size-thumbnail wp-image-690\" src=\"http:\/\/www.senscrea.com\/wp-content\/uploads\/2016\/02\/2016-01-14-08.00.30-150x150.jpg\" alt=\"2016-01-14 08.00.30\" width=\"150\" height=\"150\" \/><\/a> <a href=\"http:\/\/www.senscrea.com\/wp-content\/uploads\/2016\/02\/2016-01-14-08.08.51.jpg\" rel=\"attachment wp-att-691\"><img loading=\"lazy\" decoding=\"async\" class=\"size-thumbnail wp-image-691 alignleft\" src=\"http:\/\/www.senscrea.com\/wp-content\/uploads\/2016\/02\/2016-01-14-08.08.51-150x150.jpg\" alt=\"2016-01-14 08.08.51\" width=\"150\" height=\"150\" \/><\/a><a href=\"http:\/\/www.senscrea.com\/wp-content\/uploads\/2015\/02\/transformation.jpg\" rel=\"attachment wp-att-75\"><img loading=\"lazy\" decoding=\"async\" class=\"size-thumbnail wp-image-75 alignleft\" src=\"http:\/\/www.senscrea.com\/wp-content\/uploads\/2015\/02\/transformation-150x150.jpg\" alt=\"transcendance\" width=\"150\" height=\"150\" srcset=\"http:\/\/www.senscrea.com\/wp-content\/uploads\/2015\/02\/transformation-150x150.jpg 150w, http:\/\/www.senscrea.com\/wp-content\/uploads\/2015\/02\/transformation-90x90.jpg 90w, http:\/\/www.senscrea.com\/wp-content\/uploads\/2015\/02\/transformation-75x75.jpg 75w\" sizes=\"auto, (max-width: 150px) 100vw, 150px\" \/><\/a><\/p>\n<p>&nbsp;<\/p>\n<p>&nbsp;<\/p>\n<p>&nbsp;<\/p>\n<p>&nbsp;<\/p>\n<p>&nbsp;<\/p>\n<p>&nbsp;<\/p>\n<hr \/>\n<p>TECHNIQUE DU GLACIS, encre et acrylique<\/p>\n<p><a href=\"http:\/\/www.senscrea.com\/wp-content\/uploads\/2015\/02\/DSC01582.jpg\" rel=\"attachment wp-att-30\"><img loading=\"lazy\" decoding=\"async\" class=\"alignnone size-thumbnail wp-image-30\" src=\"http:\/\/www.senscrea.com\/wp-content\/uploads\/2015\/02\/DSC01582-150x150.jpg\" alt=\"DSC01582\" width=\"150\" height=\"150\" srcset=\"http:\/\/www.senscrea.com\/wp-content\/uploads\/2015\/02\/DSC01582-150x150.jpg 150w, http:\/\/www.senscrea.com\/wp-content\/uploads\/2015\/02\/DSC01582-90x90.jpg 90w, http:\/\/www.senscrea.com\/wp-content\/uploads\/2015\/02\/DSC01582-75x75.jpg 75w\" sizes=\"auto, (max-width: 150px) 100vw, 150px\" \/><\/a><\/p>\n<p>&nbsp;<\/p>\n","protected":false},"excerpt":{"rendered":"<p>MON CENTRE COMMUNAUTAIRE, des valeurs qui me ressemblent Les participants ont \u00e9t\u00e9 amen\u00e9s, \u00e0 explorer les notions de bases sur les couleurs, \u00e0 composer des lignes abstraites dans un espace donn\u00e9, puis \u00e0 exprimer une valeur importante pour leur engagement citoyen &nbsp; &nbsp; &nbsp; &nbsp; &nbsp; &nbsp; &nbsp; &nbsp; &nbsp; &nbsp; &nbsp; &nbsp; Acrylique, encre &hellip; <\/p>\n<p><a class=\"more-link btn\" href=\"http:\/\/www.senscrea.com\/?page_id=664\">Continue reading<\/a><\/p>\n","protected":false},"author":2,"featured_media":875,"parent":28,"menu_order":0,"comment_status":"closed","ping_status":"closed","template":"","meta":{"footnotes":""},"class_list":["post-664","page","type-page","status-publish","has-post-thumbnail","hentry","nodate","item-wrap"],"_links":{"self":[{"href":"http:\/\/www.senscrea.com\/index.php?rest_route=\/wp\/v2\/pages\/664","targetHints":{"allow":["GET"]}}],"collection":[{"href":"http:\/\/www.senscrea.com\/index.php?rest_route=\/wp\/v2\/pages"}],"about":[{"href":"http:\/\/www.senscrea.com\/index.php?rest_route=\/wp\/v2\/types\/page"}],"author":[{"embeddable":true,"href":"http:\/\/www.senscrea.com\/index.php?rest_route=\/wp\/v2\/users\/2"}],"replies":[{"embeddable":true,"href":"http:\/\/www.senscrea.com\/index.php?rest_route=%2Fwp%2Fv2%2Fcomments&post=664"}],"version-history":[{"count":28,"href":"http:\/\/www.senscrea.com\/index.php?rest_route=\/wp\/v2\/pages\/664\/revisions"}],"predecessor-version":[{"id":784,"href":"http:\/\/www.senscrea.com\/index.php?rest_route=\/wp\/v2\/pages\/664\/revisions\/784"}],"up":[{"embeddable":true,"href":"http:\/\/www.senscrea.com\/index.php?rest_route=\/wp\/v2\/pages\/28"}],"wp:featuredmedia":[{"embeddable":true,"href":"http:\/\/www.senscrea.com\/index.php?rest_route=\/wp\/v2\/media\/875"}],"wp:attachment":[{"href":"http:\/\/www.senscrea.com\/index.php?rest_route=%2Fwp%2Fv2%2Fmedia&parent=664"}],"curies":[{"name":"wp","href":"https:\/\/api.w.org\/{rel}","templated":true}]}}