{"id":20,"date":"2015-02-20T13:47:02","date_gmt":"2015-02-20T18:47:02","guid":{"rendered":"http:\/\/www.senscrea.com\/?page_id=20"},"modified":"2016-11-16T12:10:54","modified_gmt":"2016-11-16T17:10:54","slug":"bienvenue","status":"publish","type":"page","link":"http:\/\/www.senscrea.com\/?page_id=20","title":{"rendered":"Bienvenue"},"content":{"rendered":"<p lang=\"fr-FR\" style=\"text-align: center;\" align=\"center\"><span style=\"font-size: large;\"><b>Senscr\u00e9a est d\u00e9di\u00e9 \u00e0 la cr\u00e9ativit\u00e9,\u00a0 \u00e0 l\u00b4\u00e9mulsion de l&rsquo; imaginaire, le partage de connaissances et la valorisation des r\u00e9alisations<br \/>\n<\/b><\/span><\/p>\n<hr \/>\n<p lang=\"fr-FR\" style=\"text-align: left;\" align=\"center\"><strong>CR\u00c9ER : UN BESOIN VITAL POUR NOTRE \u00c9PANOUISSEMENT !<br \/>\n<\/strong><\/p>\n<p lang=\"fr-FR\" style=\"text-align: left;\" align=\"center\"><strong>Tous cr\u00e9atifs \u00e0 notre mani\u00e8re&#8230;<\/strong><\/p>\n<p lang=\"fr-FR\" align=\"center\"><span style=\"font-size: large;\"><b><a href=\"http:\/\/www.senscrea.com\/wp-content\/uploads\/2015\/02\/20150514_144607.jpg\" rel=\"attachment wp-att-591\"><img loading=\"lazy\" decoding=\"async\" class=\"size-medium wp-image-591 alignleft\" src=\"http:\/\/www.senscrea.com\/wp-content\/uploads\/2015\/02\/20150514_144607-300x169.jpg\" alt=\"20150514_144607\" width=\"300\" height=\"169\" srcset=\"http:\/\/www.senscrea.com\/wp-content\/uploads\/2015\/02\/20150514_144607-300x169.jpg 300w, http:\/\/www.senscrea.com\/wp-content\/uploads\/2015\/02\/20150514_144607-1024x576.jpg 1024w\" sizes=\"auto, (max-width: 300px) 100vw, 300px\" \/><\/a><\/b><\/span><\/p>\n<div id=\"attachment_621\" style=\"width: 169px\" class=\"wp-caption alignright\"><a href=\"http:\/\/www.senscrea.com\/wp-content\/uploads\/2015\/02\/20151120_111022.jpg\"><img loading=\"lazy\" decoding=\"async\" aria-describedby=\"caption-attachment-621\" class=\"wp-image-621 size-medium\" src=\"http:\/\/www.senscrea.com\/wp-content\/uploads\/2015\/02\/20151120_111022-169x300.jpg\" alt=\"20151120_111022\" width=\"169\" height=\"300\" srcset=\"http:\/\/www.senscrea.com\/wp-content\/uploads\/2015\/02\/20151120_111022-169x300.jpg 169w, http:\/\/www.senscrea.com\/wp-content\/uploads\/2015\/02\/20151120_111022-576x1024.jpg 576w, http:\/\/www.senscrea.com\/wp-content\/uploads\/2015\/02\/20151120_111022.jpg 1836w\" sizes=\"auto, (max-width: 169px) 100vw, 169px\" \/><\/a><p id=\"caption-attachment-621\" class=\"wp-caption-text\">Collagraphie, \u00e0 la mani\u00e8re de Picasso<\/p><\/div>\n<p lang=\"fr-FR\" align=\"center\"><span style=\"font-size: large;\"><b><a href=\"http:\/\/www.senscrea.com\/wp-content\/uploads\/2015\/02\/20150514_141155.jpg\" rel=\"attachment wp-att-590\"><img loading=\"lazy\" decoding=\"async\" class=\"size-medium wp-image-590 alignleft\" src=\"http:\/\/www.senscrea.com\/wp-content\/uploads\/2015\/02\/20150514_141155-300x169.jpg\" alt=\"20150514_141155\" width=\"300\" height=\"169\" srcset=\"http:\/\/www.senscrea.com\/wp-content\/uploads\/2015\/02\/20150514_141155-300x169.jpg 300w, http:\/\/www.senscrea.com\/wp-content\/uploads\/2015\/02\/20150514_141155-1024x576.jpg 1024w\" sizes=\"auto, (max-width: 300px) 100vw, 300px\" \/><\/a><br \/>\n<\/b><\/span><\/p>\n<p lang=\"fr-FR\" align=\"center\">Vous trouverez sur ses pages, des observations sur les <strong>bienfaits li\u00e9s \u00e0 l\u00b4activit\u00e9 plastique,<\/strong>\u00a0 des <a href=\"http:\/\/www.senscrea.com\/?page_id=28\"><strong>exemples d\u00b4ateliers d\u00b4arts visuels<\/strong><\/a>, des <strong>photos de<\/strong> <strong>r\u00e9alisations, <\/strong>des<strong> citations<\/strong>, divers articles en lien avec l\u00b4<strong>animation<\/strong>, la <strong>relation d\u00b4aide<\/strong>&#8230;<\/p>\n<p lang=\"fr-FR\" align=\"center\">Vous d\u00e9couvrirez la synth\u00e8se d\u00b4un <strong><a href=\"http:\/\/www.senscrea.com\/?page_id=124\">processus de cr\u00e9ation<\/a><\/strong> pour <strong>lib\u00e9rer notre cr\u00e9ativit\u00e9 \u00e9labor\u00e9e au fil de mes exp\u00e9rimentations. <\/strong>Ce processus conscient ou inconscient est inh\u00e9rent \u00e0 toutes inspirations et cr\u00e9ations artistiques.<\/p>\n<hr \/>\n<p>C\u00b4est \u00e0 travers, des recherches continues, diverses exp\u00e9riences cr\u00e9atives personnelles et professionnelles, le besoin de comprendre mon environnement, d\u00b4exprimer les perceptions qui sont mes r\u00e9alit\u00e9s, que je compose une vision\u00a0 artistique en perp\u00e9tuelle mouvement.<strong>\u00a0<\/strong><\/p>\n<p lang=\"fr-FR\" align=\"center\"><strong>Je vous offre\u00a0un regard sans pr\u00e9tention et vous remercie d\u00b4avance pour votre contribution, BONNE VISITE !<\/strong><\/p>\n<p lang=\"fr-FR\" align=\"left\"><span style=\"font-size: large;\"><b><br \/>\n<\/b><\/span><\/p>\n","protected":false},"excerpt":{"rendered":"<p>Senscr\u00e9a est d\u00e9di\u00e9 \u00e0 la cr\u00e9ativit\u00e9,\u00a0 \u00e0 l\u00b4\u00e9mulsion de l&rsquo; imaginaire, le partage de connaissances et la valorisation des r\u00e9alisations CR\u00c9ER : UN BESOIN VITAL POUR NOTRE \u00c9PANOUISSEMENT ! Tous cr\u00e9atifs \u00e0 notre mani\u00e8re&#8230; Vous trouverez sur ses pages, des observations sur les bienfaits li\u00e9s \u00e0 l\u00b4activit\u00e9 plastique,\u00a0 des exemples d\u00b4ateliers d\u00b4arts visuels, des photos &hellip; <\/p>\n<p><a class=\"more-link btn\" href=\"http:\/\/www.senscrea.com\/?page_id=20\">Continue reading<\/a><\/p>\n","protected":false},"author":2,"featured_media":0,"parent":0,"menu_order":1,"comment_status":"open","ping_status":"open","template":"","meta":{"footnotes":""},"class_list":["post-20","page","type-page","status-publish","hentry","nodate","item-wrap"],"_links":{"self":[{"href":"http:\/\/www.senscrea.com\/index.php?rest_route=\/wp\/v2\/pages\/20","targetHints":{"allow":["GET"]}}],"collection":[{"href":"http:\/\/www.senscrea.com\/index.php?rest_route=\/wp\/v2\/pages"}],"about":[{"href":"http:\/\/www.senscrea.com\/index.php?rest_route=\/wp\/v2\/types\/page"}],"author":[{"embeddable":true,"href":"http:\/\/www.senscrea.com\/index.php?rest_route=\/wp\/v2\/users\/2"}],"replies":[{"embeddable":true,"href":"http:\/\/www.senscrea.com\/index.php?rest_route=%2Fwp%2Fv2%2Fcomments&post=20"}],"version-history":[{"count":54,"href":"http:\/\/www.senscrea.com\/index.php?rest_route=\/wp\/v2\/pages\/20\/revisions"}],"predecessor-version":[{"id":928,"href":"http:\/\/www.senscrea.com\/index.php?rest_route=\/wp\/v2\/pages\/20\/revisions\/928"}],"wp:attachment":[{"href":"http:\/\/www.senscrea.com\/index.php?rest_route=%2Fwp%2Fv2%2Fmedia&parent=20"}],"curies":[{"name":"wp","href":"https:\/\/api.w.org\/{rel}","templated":true}]}}