{"id":124,"date":"2015-02-23T10:16:58","date_gmt":"2015-02-23T15:16:58","guid":{"rendered":"http:\/\/www.senscrea.com\/?page_id=124"},"modified":"2017-01-31T10:54:30","modified_gmt":"2017-01-31T15:54:30","slug":"processus","status":"publish","type":"page","link":"http:\/\/www.senscrea.com\/?page_id=124","title":{"rendered":"Processus&#8230;"},"content":{"rendered":"<p><strong><a href=\"http:\/\/www.senscrea.com\/wp-content\/uploads\/2015\/02\/20150514_144626.jpg\" rel=\"attachment wp-att-592\"><img loading=\"lazy\" decoding=\"async\" class=\"size-thumbnail wp-image-592 alignleft\" src=\"http:\/\/www.senscrea.com\/wp-content\/uploads\/2015\/02\/20150514_144626-150x150.jpg\" alt=\"20150514_144626\" width=\"150\" height=\"150\" \/><\/a><\/strong><span style=\"font-size: large;\"><b>Processus de cr\u00e9ation : savoir g\u00e9n\u00e9rer le laisser aller indispensable pour lib\u00e9rer sa cr\u00e9ativit\u00e9 et nous amener \u00e0 un puissant\u00a0sentiment de\u00a0 bien \u00eatre. <\/b><\/span><\/p>\n<p><span style=\"font-size: large;\"><b>Apprendre \u00e0 se connaitre et s&rsquo;affirmer, \u00e0 faire confiance&#8230;<br \/>\n<\/b><\/span><\/p>\n<hr \/>\n<p><span style=\"font-size: large;\">Pour vous amenez \u00e0 faire surgir, \u00e0 exploiter votre cr\u00e9ativit\u00e9, votre imagination en toute libert\u00e9, il me faut vous initier au<b> processus de cr\u00e9ation<\/b>. Plusieurs facteurs permettent d\u00b4acc\u00e9der au <strong>laisser aller,<\/strong>\u00a0 au <strong>sentiment de confiance, de contr\u00f4le<\/strong> qui m\u00e8nent \u00e0 la\u00a0 <strong>libert\u00e9\u00a0 d\u00b4 expression. <\/strong><\/span><\/p>\n<p><span style=\"font-size: large;\"><strong>Mes ateliers sont bas\u00e9s sur ce processus, afin de limiter, voir m\u00eame de supprimer les sentiments d\u00b4incapacit\u00e9s.<\/strong> Nous vivons tous des situations de handicap \u00e0 plus ou moins grande \u00e9chelle,\u00a0 combien de fois en d\u00e9but d\u00b4ateliers ai-je entendu \u00a8Moi et les arts \u00e7a fait deux\u00a8 ou \u00a8Je ne suis vraiment pas bonne\u00a8. <\/span><\/p>\n<p><span style=\"font-size: large;\">Le r\u00e9sultat m\u00eame si il se doit d\u00b4\u00eatre valorisant, n\u00b4est pas en soi, le but de l\u00b4activit\u00e9. Sans parler du<strong> contexte de socialisation formidable, l\u00b4exp\u00e9rimentation, l\u00b4approche cr\u00e9ative personnelle, le laisser aller et la confiance en soi sont les objectifs principaux qui doivent vous permettent d\u00b4aller plus loin.\u00a0<\/strong> <\/span><\/p>\n<p><span style=\"font-size: large;\">Quel plaisir de pouvoir constater, durant le cour, un bien \u00eatre communicatif, les \u00e9changes et le regard des diff\u00e9rentes perceptions artistiques qui nous stimulent. <\/span><\/p>\n<p><span style=\"font-size: large;\">Merci \u00e0 tous pour tous ces beaux moments partag\u00e9s !<strong><br \/>\n<\/strong><\/span><\/p>\n<hr \/>\n<p>Pour en savoir un peu plus \ud83d\ude42<\/p>\n<p lang=\"fr-FR\"><strong>LES DIFF\u00c9RENTS FACTEURS DU PROCESSUS DE CR\u00c9ATION<\/strong><\/p>\n<p lang=\"fr-FR\"><span style=\"font-size: large;\"><strong>La connaissance de diff\u00e9rents facteurs qui rentre en compte dans l\u00b4activit\u00e9\u00a0 permet de cr\u00e9er un climat propice \u00e0 la cr\u00e9ativit\u00e9.<\/strong><\/span><\/p>\n<p lang=\"fr-FR\"><strong>L\u00b4ESPACE CR\u00c9ATIF : <\/strong><span style=\"text-decoration: underline;\"><b>Un environnement adapt\u00e9 au d\u00e9veloppement personnel<\/b><\/span><\/p>\n<p lang=\"fr-FR\">Cet espace cr\u00e9atif permet de vivre diff\u00e9rentes exp\u00e9riences. Il constitue au premier abord un moyen d\u00b4exp\u00e9rimenter l\u00b4articulation sociale. En effet, la participation aux activit\u00e9s oblige l\u00b4usager \u00e0 \u00e9tablir un horaire et \u00e0 se confronter \u00e0 la cr\u00e9ation.<\/p>\n<p lang=\"fr-FR\">Il apprend \u00e0 n\u00e9gocier avec les autres, \u00e0 tenir compte du groupe, \u00e0 rencontrer les limites sociales sous une autre modalit\u00e9.<\/p>\n<p lang=\"fr-FR\">L\u00b4exp\u00e9rimentation de cet espace, permet d\u00b4\u00eatre l\u00b4auteur d\u00b4une \u0153uvre, plut\u00f4t que l\u00b4objet de l\u00b4autre.<\/p>\n<p lang=\"fr-FR\">La personne peut d\u00e9couvrir, \u00e0 travers la cr\u00e9ation, un moyen de limiter mais surtout de transformer ses id\u00e9es. Il apprend \u00e0 concevoir, \u00e0 repr\u00e9senter les choses qui l\u00b4entoure de fa\u00e7on intrins\u00e8que.<\/p>\n<p lang=\"fr-FR\">Un r\u00e9sultat concret et reconnu lui permet d\u00b4am\u00e9liorer le sentiment d\u00b4estime de soi, d\u00b4appartenance.<\/p>\n<p lang=\"fr-FR\" align=\"left\">A travers les r\u00e9alisations, les discutions, les expositions, l\u00b4auteur est valoris\u00e9. Durant les ateliers, les relations interpersonnelles sont renforc\u00e9es et l\u00b4int\u00e9gration sociale facilit\u00e9e.<\/p>\n<p>L\u00b4auteur, dans sa cr\u00e9ation, peut et doit exprimer ses sentiments en toute libert\u00e9 : l\u00b4expression devient exutoire et le r\u00e9sultat le bien \u00eatre.<\/p>\n<hr \/>\n<p>A<strong>GIR SUR LE CONTEXTE ENVIRONNEMENTAL POUR AM\u00c9LIORER LA QUALIT\u00c9 DE LA PARTICIPATION SOCIALE<br \/>\n<\/strong><\/p>\n<p lang=\"fr-FR\"><span style=\"text-decoration: underline;\"><b>l\u00b4animation ou l\u00b4art de donner vie <\/b><\/span><\/p>\n<p lang=\"fr-FR\"><span style=\"text-decoration: underline;\"><b>L\u00b4animateur\u00a0de loisirs : un facilitateur de bien \u00eatre (la pr\u00e9vention)<\/b><\/span><\/p>\n<p><span lang=\"fr-FR\">A travers une planification structur\u00e9e bas\u00e9e sur la connaissance du groupe et des objectifs, son r\u00f4le est de transmettre un savoir, des id\u00e9es, de susciter l\u00b4int\u00e9r\u00eats pour motiver les apprentissages, de g\u00e9n\u00e9rer un dynamisme stimulant dans un contexte r\u00e9cr\u00e9atif et de cr\u00e9er le lien de confiance. S<\/span><span style=\"color: #333333;\"><span lang=\"fr-FR\">ans ce lien, rien n\u2019est possible. Ni acte \u00e9ducatif, ni accompagnement individualis\u00e9, ni accompagnement collectif. Sans lien, pas de mouvements, ni celui vers la d\u00e9marche de soin, ni celui vers la volont\u00e9 de prendre conscience d\u2019une r\u00e9alit\u00e9 parfois douloureuse, ni celui de la volont\u00e9 de changement, qui reste au demeurant la source de la volont\u00e9 de puissance d\u00e9crite par Nietzche. <\/span><\/span><\/p>\n<p><a name=\"La_volont.C3.A9_de_puissance_comme_relation\"><\/a> <span style=\"color: #333333;\">La volont\u00e9 de puissance comme relation<\/span><\/p>\n<ul>\n<li>Agir et relation<\/li>\n<li>Sentir<\/li>\n<li>Penser<\/li>\n<li>Vouloir<\/li>\n<\/ul>\n<p lang=\"fr-FR\" align=\"left\">L\u2019animation de groupe efficace repose sur la confiance. La confiance se cr\u00e9e gr\u00e2ce \u00e0 l\u2019int\u00e9r\u00eat, lafranchise, le respect mutuel et la sinc\u00e9rit\u00e9 qu\u2019\u00e9prouvent tous les participants.<\/p>\n<p lang=\"fr-FR\" align=\"left\">L\u00b4animateur est un \u00e9quilibriste qui jongle avec ses objectifs, le temps de l\u00b4activit\u00e9, l\u00b4humour et la cr\u00e9ativit\u00e9, l\u00b4\u00e9coute et le respect, les stimulations diverses, les observations, les impond\u00e9rables&#8230; Il favorise la participation, la d\u00e9tente et solidarise le groupe . Il refr\u00e8ne les \u00e9lans des personnes trop accaparantes. Il est pr\u00eat \u00e0 modifier son d\u00e9roulement, \u00e0 s\u00b4adapter en fonction des besoins.<\/p>\n<p lang=\"fr-FR\">La valorisation, le sentiment de bien \u00eatre et de confiance en soi, sont des moteurs essentiels pour une participation sociale ad\u00e9quate.<\/p>\n<p lang=\"fr-FR\" align=\"left\">Le renforcement des interactions, l\u00b4engagement ainsi que des questionnement permanents, l\u00b4auto-\u00e9valuation, les r\u00e9ajustement sont n\u00e9cessaire pour am\u00e9liorer l\u00b4efficacit\u00e9 de ses interventions.<\/p>\n<hr \/>\n<p lang=\"fr-FR\"><span style=\"text-decoration: underline;\"><b>AGIR SUR L\u00b4ENVIRONNEMENT PHYSIQUE ET SOCIAL :<br \/>\n<\/b><\/span><\/p>\n<p lang=\"fr-FR\"><span style=\"text-decoration: underline;\"><b>Cr\u00e9er un climat propice \u00e0 l\u00b4activit\u00e9.<\/b><\/span><\/p>\n<p lang=\"fr-FR\">Instaurer une <i>relation d\u00b4aide significative<\/i> et adopter un <i>rythme de fonctionnement sp\u00e9cifique, bas\u00e9 sur le respect de chacun, une routine avec une mise en train, des retours et des r\u00e9gulations<\/i> am\u00e8nent un sentiment de s\u00e9curisation et permet d\u00b4am\u00e9nager le climat de confiance n\u00e9cessaire au d\u00e9veloppement des habilit\u00e9s ainsi que des relations interpersonnelles.<\/p>\n<p lang=\"fr-FR\" align=\"left\">Le mat\u00e9riel, les locaux, les stimulations doivent \u00eatre ad\u00e9quats et bien pr\u00e9par\u00e9s et anticip\u00e9s<\/p>\n<p lang=\"fr-FR\" align=\"left\">Le rythme de fonctionnement sp\u00e9cifique est structur\u00e9 et adapt\u00e9 \u00e0 des objectifs \u00e9tablis en fonction des incapacit\u00e9s (limitations) autant que des capacit\u00e9s (forces) pour pouvoir guider les usagers de fa\u00e7on r\u00e9aliste et ne jamais mettre en situation de handicap.<\/p>\n<p lang=\"fr-FR\" align=\"left\">Afin de r\u00e9pondre de fa\u00e7on r\u00e9aliste aux besoins sp\u00e9cifiques, une \u00e9troite collaboration avec une \u00e9quipe multidisciplinaire peut s\u00b4av\u00e9rer indispensable pour conna\u00eetre, les habitudes de vie, le plan d\u00b4intervention, \u00e9valuer les aptitudes (parents\/ressources, \u00e9ducateur sp\u00e9cialis\u00e9, travailleurs sociaux, organismes communautaire et services sociaux)<\/p>\n<hr \/>\n<p><strong>APPROPRIATION OU R\u00c9APPROPRIATION DU POUVOIR<\/strong> (empowertment)<\/p>\n<p lang=\"fr-FR\" align=\"left\">La valorisation des forces et des r\u00e9alisations associ\u00e9e \u00e0 des relations interpersonnelles (pairing, amiti\u00e9, collaboration, apprentissage) et aux int\u00e9r\u00eats (renforcateurs) dynamise l\u00b4activit\u00e9 et de ce fait am\u00e9liore l\u00b4autonomie. Le go\u00fbt de l\u00b4apprentissage est renforc\u00e9 par les r\u00e9ussites, les exp\u00e9riences.<\/p>\n<p lang=\"fr-FR\" align=\"left\">Le processus de cr\u00e9ation est un formidable vecteur de bien \u00eatre, car \u00e0 travers la cr\u00e9ation, na\u00eet un sentiment de contr\u00f4le sur sa propre vie, de s\u00e9r\u00e9nit\u00e9. Les habilit\u00e9s d\u00e9velopp\u00e9es et valoris\u00e9es favorisent l\u00b4estime et la confiance en soi et permet de prendre des initiatives et le contr\u00f4le sur ses r\u00e9alisations. Ce qui favorise l\u00b4inclusion.<\/p>\n<hr \/>\n<p lang=\"fr-FR\" style=\"text-align: left;\" align=\"center\"><span style=\"text-decoration: underline;\"><b>QUAND L\u00b4ART DEVIENT INITIATEUR DE PLAISIRS<\/b><\/span><\/p>\n<p lang=\"fr-FR\" align=\"left\">Chacun de nous doit trouver en lui-m\u00eame ce qui est bon, beau, juste&#8230; c\u00b4est une situation d\u00b4autonomie. Cette d\u00e9marche a besoin d\u00b4un accompagnement car c\u00b4est dans des situations de dialogue, d\u00b4\u00e9changes que chacun gagne en autonomie et d\u00e9couvre en lui les crit\u00e8res qui lui permettent de se positionner.<\/p>\n<p align=\"left\"><span lang=\"fr-FR\">L\u00b4aspect initiatique des ateliers d\u00b4arts \u00e0 pour but de changer le statut (passif) d\u00b4une personne par le biais de \u00a8rites de passage\u00a8. La personne accompagn\u00e9e passe du statut passif \u00e0 celui d\u00b4actif.(membre actif de sa communaut\u00e9\u00a0: socialisation, int\u00e9gration)\u00a0\u00a8voir <\/span><strong>Le concept d\u00b4accompagnement d<\/strong>e MAELA_PAUL<\/p>\n<p lang=\"fr-FR\">EN ART :<\/p>\n<ul>\n<li>\n<p lang=\"fr-FR\">On parle de critique et non de jugement&#8230; et l\u00e0 est toute la diff\u00e9rence&#8230; La critique est b\u00e9n\u00e9fique et permet la progression, comme le serait un conflit g\u00e9r\u00e9 de fa\u00e7on positive<\/p>\n<\/li>\n<li>\n<p lang=\"fr-FR\">Tout est possible<\/p>\n<\/li>\n<li>\n<p lang=\"fr-FR\">Chaque expression qui se r\u00e9alise\u00a0 nous permet de conna\u00eetre les r\u00e9alit\u00e9s, les perceptions de l\u00b4autre&#8230; dans toute son intimit\u00e9, car souvent ces expressions sont exutoires et nous permettent de nous conna\u00eetre, reconna\u00eetre&#8230; de nous situer aussi.<\/p>\n<\/li>\n<li>\n<p lang=\"fr-FR\" style=\"text-align: left;\">Le beau est relatif et subjectif, seul les ignorants pr\u00e9somptueux pourront dire d\u00b4une cr\u00e9ation qu\u00b4elle est laide et sans int\u00e9r\u00eat&#8230;<\/p>\n<\/li>\n<\/ul>\n<hr \/>\n<p lang=\"fr-FR\">\u00a0<b>L\u00b4EXPOSITION : MOTIVATEUR, VALORISATION, SENSIBILISATION, RECONNAISSANCE, INCLUSION<br \/>\n<\/b><\/p>\n<p lang=\"fr-FR\">Les expositions permettent de valoriser les performances et de sensibiliser le public sur les forces et le potentiel de r\u00e9alisation.<\/p>\n<p lang=\"fr-FR\">La reconnaissance est un moteur essentiel. Nous ne parlons plus d\u00b4int\u00e9gration, mais d\u00b4inclusion.<\/p>\n<p lang=\"fr-FR\">De ces int\u00e9r\u00eats naissent l\u00b4espoir de se r\u00e9aliser, le pouvoir de prendre le contr\u00f4le sur sa vie ou simplement de se dire qu\u00b4un d\u00e9sir, un r\u00eave peut devenir r\u00e9alit\u00e9, que nous existons r\u00e9ellement tout simplement. Les r\u00e9alisations sont concr\u00e8tes et appuient ce sentiment.<\/p>\n<p lang=\"fr-FR\">Personne ne peut rester indiff\u00e9rent aux plaisirs de cr\u00e9ations, \u00e0 l\u00b4 expression intrins\u00e8que. Plaisir non seulement pour les participants mais aussi pour le public qui d\u00e9couvre \u00e0 travers les r\u00e9alisations les sensibilit\u00e9s, les perceptions, les talents d\u00b4un \u00eatre cher ou inconnu, rest\u00e9s jusqu\u00b4alors enfouis.<\/p>\n<hr \/>\n<p lang=\"fr-FR\">PR\u00c9VENTION DU PROCESSUS DU HANDICAP<\/p>\n<p lang=\"fr-FR\">Les personnes qui vivent des limations sont diff\u00e9rentes et uniques comme tout \u00e0 chacun.\u00a0 Dans une soci\u00e9t\u00e9 normalisante, elles subissent, \u00e0 plus ou moins grande \u00e9chelle des entraves, des situations de handicap, qui suivant divers facteurs cr\u00e9ent le handicap. Quelques fois, un simple accommodement au niveau d\u00b4 un facteur environnemental permettra de limiter ou de supprimer un handicap.\u00a0 M\u00eame si heureusement les temp\u00e9raments changent,\u00a0 ces personnes ont tr\u00e8s peu de moyens, d\u00b4opportunit\u00e9s pour vivre des moments de bonheurs, faire des choix, exister pour ce qu\u00b4elles sont r\u00e9ellement, car les choix sont en g\u00e9n\u00e9rals soumis \u00e0 des contraintes m\u00e9dicales et faits par les pairs. Les routines, les habitudes instaur\u00e9es sont excellentes pour maintenir les acquis et d\u00e9velopper certaines habilit\u00e9s mais ne suffisent pas \u00e0 l\u00b4\u00e9panouissement d\u00b4un \u00eatre humain et peuvent m\u00eame l\u00b4entraver si elles ne sont pas r\u00e9\u00e9valu\u00e9es et adapt\u00e9es r\u00e9guli\u00e8rement au d\u00e9veloppement personnel de chaque individu. Ces habitudes, tr\u00e8s rigides et structur\u00e9es restent souvent indispensables mais ne permettent pas de s\u00b4\u00e9panouire,\u00a0 de se r\u00e9aliser, de stimuler l\u00b4esprit d\u00b4initiative et l\u00b4imagination. Elles s\u00e9curisent, contr\u00f4lent la vie et la restreint \u00e0 la fois.<\/p>\n<p lang=\"fr-FR\">Notre soci\u00e9t\u00e9 de consommation\u00a0 laisse\u00a0 peu de place aux personnes dites \u00a8non productives\u00a8 et les opportunit\u00e9s pour vivre des moments d\u00b4autonomie\u00a0 sont rares.<\/p>\n<p lang=\"fr-FR\" align=\"left\">Beaucoup d\u00b4 incapacit\u00e9s sont g\u00e9n\u00e9r\u00e9e, produitent par un contexte environnemental inadapt\u00e9 et cela me r\u00e9volte. Ces vuln\u00e9rabilit\u00e9s, ces sensibilit\u00e9s exacerb\u00e9es m\u00b4interpellent car il en ressort des forces et des qualit\u00e9s humaines exceptionnelles,\u00a0 malheureusement trop souvent laiss\u00e9es de c\u00f4t\u00e9s par ignorance ou inconscience, ou pour des raisons intitutionnelles.<\/p>\n<p lang=\"fr-FR\" align=\"left\">Mes exp\u00e9riences dans le domaine du loisir\u00a0 me permettent de r\u00e9aliser que je peux \u00eatre utile.\u00a0 En offrant un accompagnement et un\u00a0 environnement adapt\u00e9s, dans mes ateliers,\u00a0 je peux supprimer certaines limitations et am\u00e9liorer le sentiment de bien \u00eatre gr\u00e2ce au developpement personnel.<\/p>\n<p lang=\"fr-FR\" align=\"left\">Je ne peux ignorer les am\u00e9liorations, le bien \u00eatre que j\u00b4ai pu percevoir\u00a0 \u00e0 travers la cr\u00e9ation, les expositions et leurs reconnaissances. L\u00b4art est un vecteur formidable pour am\u00e9liorer la qualit\u00e9 de vie. Tous ces\u00a0 moments de partages, de r\u00e9ussites, de bonheurs que j\u00b4ai pu constater durant mes ateliers,\u00a0 pour rien au monde je ne voudrais\u00a0 les \u00e9changer, ils\u00a0 sont mes motivateurs.<\/p>\n","protected":false},"excerpt":{"rendered":"<p>Processus de cr\u00e9ation : savoir g\u00e9n\u00e9rer le laisser aller indispensable pour lib\u00e9rer sa cr\u00e9ativit\u00e9 et nous amener \u00e0 un puissant\u00a0sentiment de\u00a0 bien \u00eatre. Apprendre \u00e0 se connaitre et s&rsquo;affirmer, \u00e0 faire confiance&#8230; Pour vous amenez \u00e0 faire surgir, \u00e0 exploiter votre cr\u00e9ativit\u00e9, votre imagination en toute libert\u00e9, il me faut vous initier au processus de &hellip; <\/p>\n<p><a class=\"more-link btn\" href=\"http:\/\/www.senscrea.com\/?page_id=124\">Continue reading<\/a><\/p>\n","protected":false},"author":2,"featured_media":0,"parent":0,"menu_order":0,"comment_status":"open","ping_status":"open","template":"","meta":{"footnotes":""},"class_list":["post-124","page","type-page","status-publish","hentry","nodate","item-wrap"],"_links":{"self":[{"href":"http:\/\/www.senscrea.com\/index.php?rest_route=\/wp\/v2\/pages\/124","targetHints":{"allow":["GET"]}}],"collection":[{"href":"http:\/\/www.senscrea.com\/index.php?rest_route=\/wp\/v2\/pages"}],"about":[{"href":"http:\/\/www.senscrea.com\/index.php?rest_route=\/wp\/v2\/types\/page"}],"author":[{"embeddable":true,"href":"http:\/\/www.senscrea.com\/index.php?rest_route=\/wp\/v2\/users\/2"}],"replies":[{"embeddable":true,"href":"http:\/\/www.senscrea.com\/index.php?rest_route=%2Fwp%2Fv2%2Fcomments&post=124"}],"version-history":[{"count":58,"href":"http:\/\/www.senscrea.com\/index.php?rest_route=\/wp\/v2\/pages\/124\/revisions"}],"predecessor-version":[{"id":962,"href":"http:\/\/www.senscrea.com\/index.php?rest_route=\/wp\/v2\/pages\/124\/revisions\/962"}],"wp:attachment":[{"href":"http:\/\/www.senscrea.com\/index.php?rest_route=%2Fwp%2Fv2%2Fmedia&parent=124"}],"curies":[{"name":"wp","href":"https:\/\/api.w.org\/{rel}","templated":true}]}}